 19, 29
Let l(s) = 4*s + 59. Let g be l(-12). Suppose p - 4*v - 365 = 0, 12*v = -5*p + g*v + 1804. List the prime factors of p.
19
Let d(a) = -7*a**2 + 358*a - 25. Let x be d(51). Suppose -5*t + 4*g + 60 = -95, -5*g = 4*t - 83. Suppose -x*m - 96 = -t*m. List the prime factors of m.
2, 3
Suppose -11*f + 95699 - 291074 = -86*f. List the prime factors of f.
5, 521
Suppose 2*d = -12 + 16. Let m be 5/d*56/35. List the prime factors of -87*(m/2 - (2 - -1)).
3, 29
Suppose 0 = 5*m - 7 - 13, 5*d - 920 = -5*m. Let b = d - 155. List the prime factors of b.
5
Suppose 33*k + 28 = 40*k. List the prime factors of 2970/k + 3 + (-98)/28.
2, 7, 53
Suppose 2*m - 4*m - 4 = 2*g, -3*g - 22 = -m. Let h be 17/(-51) - 98/g. What are the prime factors of (-1 + h)/(2 - 1)?
3, 5
Let g(z) = -z + 5. Let w be g(3). Let c(n) = -64 - 2*n**w - n + n**3 + 14*n**2 + 79. What are the prime factors of c(-12)?
3
Suppose 3*y + 10*s - 8*s = 58, -2*y + 28 = 4*s. Let j be (55/y)/(2/(-8)*-2). Suppose 10 = 2*c, -2*r = -j*r + 3*c + 276. List the prime factors of r.
97
Suppose 5*j + 3*t - 13 = 0, 5*t = -2*j - 2*j. Let a = j - 8. List the prime factors of -3 + (7 + a - -28).
29
Let t = -33235 + 56862. List the prime factors of t.
23627
Suppose 4*w = -5*g + 189103, 3*w + 2*g - 218123 = -76308. List the prime factors of w.
11, 4297
Let f = 9183 + -1357. What are the prime factors of f?
2, 7, 13, 43
Let t be (-8)/6*3/(-2). Suppose 3*x - 249 + 22 = -5*y, -t*x = -y + 35. Let w = y + -27. What are the prime factors of w?
2
What are the prime factors of 39/39*((-29046)/(-4) + (-6)/12)?
53, 137
Let h be (-68)/(-1 - (-9)/12). Suppose 3*t - h = 2*t + b, -5*t + 3*b = -1352. What are the prime factors of t?
2, 67
Let l(p) = 188*p + 69. Let f be l(11). Suppose 21*z - f = 6284. List the prime factors of z.
401
Let w(f) = -214*f**3 - 8*f - 7. List the prime factors of w(-2).
1721
Let j(m) = 3*m**2 + 276*m + 8435. List the prime factors of j(-151).
2, 17581
Let q(w) = -5*w**2 - w - 3. Let h be q(2). Let a = h - -29. Suppose a*f = 2*s - 3*s + 83, 3*s - 193 = 2*f. What are the prime factors of s?
67
Let b be 0 + 3/9 - (-352)/(-12). Let h = 22 - b. What are the prime factors of h?
3, 17
Suppose -3*f = -5*n + 15019, -33*n - 4*f + 6018 = -31*n. Suppose 4*m + 4*z + 646 = 3050, -5*m = 2*z - n. What are the prime factors of m?
601
Let m(b) = b**3 - 15*b**2 - 15*b - 20. Let g be m(16). Let c = g + 49. What are the prime factors of c?
3, 5
Let w be (6/7)/(5/70*4). Suppose 5*l = -w*l - 3*l. Let b(z) = z**2 - z + 25. List the prime factors of b(l).
5
What are the prime factors of (-6816600)/(-486) + (-2)/(-27) + 8 + -8?
2, 7013
Let n = 6877 - -9370. List the prime factors of n.
7, 11, 211
Let x be (-26)/3*(-1068)/8. Suppose 6*b - 413 = -x. What are the prime factors of -2 + b/(-8)*6?
7, 13
Let v(l) = -2*l**3 - 187*l**2 - 25*l + 303. What are the prime factors of v(-94)?
11489
What are the prime factors of 3 + 15/(-4) - (-22372)/112?
199
Let p(g) = -31*g - 14. Let c be p(-7). Suppose 917 = -10*n - c. What are the prime factors of 3/7 - 10144/n?
7, 13
Let b(a) = -59*a**3 - a**2 - 68*a - 309. List the prime factors of b(-7).
3, 5, 23, 59
Suppose 55149 = n + 4*y, -213*n - y = -211*n - 110284. List the prime factors of n.
67, 823
Let a be 1/3*(-1 + 10). Let i be (-96)/a*((-4)/(-2))/(-2). List the prime factors of i/6*(5 + 13).
2, 3
Let d(f) = f**3 + 9*f**2 + 8*f - 6. Let s be d(-7). Let n = s + -33. Suppose -n*o + 4*p + 78 = -157, -4*o = -3*p - 318. What are the prime factors of o?
3
Let z = -318 + 276. What are the prime factors of -3 + (-32592)/z*1/2?
5, 7, 11
Suppose 4*m - 3*m - 176 = 0. Let t = m - 29. Suppose -75 = -l + n, 2*l - t = -0*l + 3*n. What are the prime factors of l?
2, 3, 13
Let a = 101 + 19. Let n = -70 + a. What are the prime factors of n?
2, 5
Suppose -124 = 4*s - 8. Let h(j) = -j**3 - 27*j**2 + 4*j + 51. What are the prime factors of h(s)?
3, 7, 11
Let y = -1392 + 4496. What are the prime factors of y?
2, 97
Let q = 23 - 18. Suppose g + r - q*r - 900 = 0, r + 2 = 0. List the prime factors of g.
2, 223
Let g be 492492/98 - 6/14. Suppose -m + 17 = 12, 0 = 5*a - m - g. List the prime factors of a.
2, 503
Suppose 30 = -486*s + 484*s. Let w(a) = a**3 + 17*a**2 - 30*a + 21. What are the prime factors of w(s)?
3, 307
Let s = 133 - 129. What are the prime factors of 22/s + 12/(-8) - -936?
2, 5, 47
Let k(c) = 248*c**2 + 2*c - 46. What are the prime factors of k(5)?
2, 23, 67
Let o(w) = -8 + 2*w**2 + 11*w - 4 + 2. Suppose 273*c = 296*c + 161. List the prime factors of o(c).
11
What are the prime factors of (420 + 6 + -2)*(-492)/(-24)?
2, 41, 53
Let o be (-6*(-12)/(-18))/(-1). Suppose 4*p - o*w - 149 = -3*w, -5*p = -2*w - 190. What are the prime factors of p?
2, 3
Let x(q) = 4064*q - 3547. List the prime factors of x(11).
3, 17, 269
Let u = 85 - 80. Suppose -u*r + 1880 = 3*o, -2*o - 401 + 38 = -r. List the prime factors of r.
373
Suppose 125925 - 21153 = 3*h - 3*g, -g - 104784 = -3*h. What are the prime factors of h?
2, 5, 7, 499
Suppose -3*s + 10 = -2*s. Suppose -t - 1107 = -s*t. Suppose -r - 22 + t = 0. List the prime factors of r.
101
Let f(d) = -26*d + 17. Let q be f(-6). Suppose v - 177 = 3*m, 5*v - 4*v = m + q. What are the prime factors of v?
3, 19
Let u(v) be the first derivative of 3*v**5/20 + v**3/2 - 2*v**2 + 6*v + 22. Let j(w) be the first derivative of u(w). What are the prime factors of j(3)?
2, 43
Let j(q) = 3*q**3 - 21*q**2 - 3*q + 26. Let l be j(7). Suppose l*f - 835 = 1640. What are the prime factors of f?
3, 5, 11
Let w(f) = 3*f**3 + 10*f**2 - 72*f + 127. What are the prime factors of w(9)?
2, 619
What are the prime factors of 88974/3*112/168?
2, 4943
Let h(r) = -r**3 - 88*r**2 - 252*r - 6. List the prime factors of h(-86).
2, 7, 491
Let h = 66861 + -32439. What are the prime factors of h?
2, 3, 5737
Let m(t) = 584*t**2 - 66*t + 318. List the prime factors of m(5).
2, 7, 521
Let i = -17 + 12. Let m be 5/i - (-49 + 1). Let d = m + -8. What are the prime factors of d?
3, 13
Suppose 111*u - 1215 = 110*u. Suppose 0 = -4*x - 5*q + 4945, -6*x + 3*q = -5*x - u. What are the prime factors of x?
2, 3, 5, 41
Let y(o) = 2*o**2 + 57*o - 43. Let k be y(-21). Let i = -21 - k. What are the prime factors of i?
337
Let a = 12 - 8. Suppose 5*p = -5*y + 20, -a*y + 8 + 8 = 2*p. Suppose -2*j - y*i + 148 = 2*j, -j + 31 = -i. What are the prime factors of j?
2, 17
Suppose 31*z + 2*z + 2*z = 2520. List the prime factors of z.
2, 3
What are the prime factors of (-126)/(-70) - (-4379775)/125?
2, 3, 5, 73
Let k = 1819 + -54. Suppose -3*w - 4*h = -7*w + 3488, 2*w + 5*h = k. What are the prime factors of w?
5, 7
Suppose -2*p - 330 = -12*p. Let x(t) = t - p + 39 - 9*t + 45. What are the prime factors of x(-16)?
179
Suppose -20 = 5*t, 5*j + 29342 = 7*j - 5*t. What are the prime factors of j?
3, 181
List the prime factors of (-3504)/657 - 74228/(-6).
2, 3, 229
Let r be -14 - -13 - 36/(-3). Suppose -r*k = 4*k - 21555. What are the prime factors of k?
3, 479
Suppose 0 = 4*y + 5*g - 84546, -2*g = -80*y + 82*y - 42274. List the prime factors of y.
21139
Suppose -2*l = 5*m - 12, 3*l - 5 + 17 = 0. Let v be (-192)/(-24)*m/2. Suppose -6*p = v - 40. What are the prime factors of p?
2
Let l(n) = -n**3 - 126*n**2 + 411*n + 2856. List the prime factors of l(-132).
2, 3, 43, 103
Let n be 15 - 69/46*(-28)/(-6). Suppose 4*y - 428 = 412. Suppose -n = -4*t + 12, 5*t + y = 5*h. List the prime factors of h.
47
Suppose 0 = 2*i + 75*c - 76*c - 3633, 0 = 5*i - 2*c - 9082. List the prime factors of i.
2, 227
Let t(w) = -34*w - 237. Let n = 664 - 689. What are the prime factors of t(n)?
613
Suppose 47*h = 73*h + 106*h - 1131768. List the prime factors of h.
2, 3, 1429
Let p be (440/24)/((-3)/9). List the prime factors of (-43845)/p - ((-39)/(-33) + -1).
797
Let b = 34172 - 8823. List the prime factors of b.
25349
Let p = 2991 + 10430. List the prime factors of p.
13421
Let l be 6/(-45) - (0 + (-3385)/75). List the prime factors of (-2907)/(-5) - 18/l.
7, 83
Let a be ((-8)/(-3))/(0 - 14/(-8799)). Let t = a + 172. What are the prime factors of t?
2, 3, 7, 11
Suppose 46 = 10*r - 44. Suppose 4*v - 5 = -r. List the prime factors of 6/12*(-12)/v*21.
2, 3, 7
Let m be 6/4*48/36. What are the prime factors of (m/(-6))/(30/(-29790))?
331
Let j be 48 + (-6